it of w?
7
Let o be -15 - -12 - -3*1. Suppose o*z - 6*z = -72. What is the tens digit of z?
1
Suppose 2*b + 0*b - 334 = 0. Let v be 5/(-20) - b/4. What is the units digit of (-1 + -6)*v/49?
6
Let l be (-5)/(-35) - -2*(-6)/(-14). Let q(o) = 48*o - 8. What is the tens digit of q(l)?
4
Suppose -2*k + 3*k + v = 2206, 0 = -4*k - v + 8812. What is the tens digit of k?
0
Let z = -424 + 830. What is the hundreds digit of z?
4
What is the hundreds digit of ((39800/5)/10)/(1 - -1)?
3
Let c(v) = 412*v + 3. What is the units digit of c(1)?
5
Let k(u) = -57*u - 135. What is the units digit of k(-14)?
3
Let n = -7 - -5. Let c = -179 + -121. What is the units digit of c/(-36) - n/(-6)?
8
Let c = 12 + 3. Suppose -c = -5*w + 10. What is the units digit of w?
5
What is the hundreds digit of 10924/(-6)*(-7 + 4)?
4
Let k(w) = w**3 + 6*w**2 + 2*w - 4. Let f be k(-4). Let j be (-50)/(-6)*(-39)/(-65). Suppose j*h = -f + 70. What is the tens digit of h?
1
Let f(p) = 15*p**2 - 39*p + 46. What is the tens digit of f(-14)?
3
Let h(n) = -137*n - 341. What is the tens digit of h(-5)?
4
Let c be ((-40)/(-48))/((-2)/(-12)). Suppose 0*z - 2*z - 4 = -3*a, 5*z - 40 = -c*a. Suppose -3*n = -a*n + 35. What is the tens digit of n?
3
Let u(s) = 30*s**2 + 2*s + 4. Let h be u(-2). Let t = h + 3. What is the tens digit of t?
2
Let s(y) = y**3 - 5*y**2 - 5*y + 3. Let a be s(6). Let x(o) = o**2 + 10 + 0*o - o - a - 2*o. What is the units digit of x(9)?
5
Let m = -207 - -378. Suppose 3*b = -6 + m. What is the units digit of b?
5
Let r = -1092 - -1802. Suppose -r = -0*d - 5*d - 2*s, -3*d + s + 437 = 0. What is the units digit of d?
4
Suppose 4*q + 0*s = 2*s + 168, 4*s = -3*q + 148. Suppose 0 = -4*v + 2*v + q. Suppose -18 - v = -5*z. What is the units digit of z?
8
Suppose 2*q - 7*q + 5 = 0, 0 = 5*w + 5*q - 15. Suppose 0 = -4*n, w*b - 2*n - 78 = -5*n. What is the units digit of b?
9
Let c be 12/15*1*5. Suppose -c*p + 3*p = -1. Let k = 2 - p. What is the units digit of k?
1
What is the tens digit of ((-4)/(-2))/((-24)/(-2628))?
1
Let a(n) = -19*n - 39. What is the tens digit of a(-11)?
7
Let z be ((-2988)/2)/3 + -2. Let g be z/6 + 2/6. Let s = -38 - g. What is the units digit of s?
5
Suppose 5*n = -3*x + 3479, -x + 3014 + 459 = 5*n. What is the tens digit of n?
9
Let d(x) = -x**2 - 5*x + 4. Let a be d(-5). Suppose a*o = 8, o + 311 = 5*k - 17. What is the tens digit of k?
6
What is the tens digit of 65648/336*3 + (-1)/7?
8
Let x = 10 - 5. Suppose -x*u = -206 - 124. What is the units digit of ((-6)/4)/((-3)/u)?
3
Suppose -4*q + 38 = -2. Let i(y) = -y**3 + 11*y**2 - 9*y + 17. What is the units digit of i(q)?
7
Let n = -54 + 111. Suppose 0 = 5*z - 138 - n. What is the tens digit of z?
3
Suppose 3*g - 72 = 5*g - 4*n, 0 = n + 5. Let k = 84 + g. What is the tens digit of k?
3
Let o be (-20)/(-2)*(10 - 7). Suppose 4*p = 2*p + o. Suppose 33 + p = 2*l. What is the units digit of l?
4
Suppose 3*z = -4*d + 73, 2*d - z - 24 = -5*z. Let l = d - 19. What is the tens digit of 41 - -5 - (5 - l)?
4
Suppose 0 = 5*f + 25, 0*h - 4*f = -4*h + 28. Suppose y - h*y + 38 = 0. What is the tens digit of y?
3
Let m be (16/20*-1)/((-2)/(-465)). Let q = 336 + m. What is the hundreds digit of q?
1
Let c = 99 - 66. What is the units digit of 15*5/45*c?
5
Suppose -4*j - j - 180 = 0. Let x be -4 - -60 - (-1 + -1 - 1). Let u = j + x. What is the units digit of u?
3
Suppose -3*c + 120 = c. Suppose 42 = 5*b - j, -4*b + 2*j + 0*j = -c. What is the units digit of 659/b - (-22)/(-99)?
3
Let j be 4 + (-4 - -2) - -1. Suppose 3*d + 2*r = j + 7, 3*r = 5*d - 23. Suppose n - 5*g - 63 = 0, n - 6*n + 231 = -d*g. What is the tens digit of n?
4
Suppose 4*i - 2*d - 136 = 0, 0*i + 4*d + 48 = i. Suppose -6*p = 91 - 283. Let m = i + p. What is the tens digit of m?
6
Let y = 2923 - 1933. What is the tens digit of y?
9
Let y(j) = 17*j - 16. Let h be y(18). Suppose -n + 80 = 3*a, -3*a - h = 9*n - 13*n. What is the tens digit of n?
7
Let u = 4 - 1. Suppose 13 = -u*z + 1. What is the units digit of (2 - (-33)/(-6))*z?
4
Let m(p) = 4*p**2 - 2*p. Let w be m(-4). Suppose -o = o - w. Suppose s = -2*s + o. What is the units digit of s?
2
Suppose 3 = 5*v - 2, -4*i = -4*v - 144. Let s = i + -7. Suppose 2*a = 3*a - s. What is the units digit of a?
0
Let r(c) = -c**3 - 11*c**2 - 2*c - 6. Let p be r(-11). Suppose -p = -2*w + 12. Suppose 5*y - 66 = w. What is the tens digit of y?
1
Suppose 2101 + 1346 = 9*v. Suppose -4*m + v = -269. What is the tens digit of m?
6
Let z = 37 + -43. Let q(o) = 7*o**2 + 2*o - 12. What is the hundreds digit of q(z)?
2
What is the tens digit of 1/2 + 2*1534/8?
8
Let o = -1764 + 1870. What is the tens digit of o?
0
Let n(i) = 3*i**2 + 3*i + 3. Let l = 18 - 13. Suppose 3*g + 5*t + 29 = 0, -l*t - 43 = 5*g - 8. What is the tens digit of n(g)?
2
Let t be 9/15*20/4. Suppose 153 = 2*o - 3*n, 0 = -o - 4*o - t*n + 435. What is the units digit of (-1)/(-6) - (-2674)/o?
2
Suppose -3*a = -0*a. Suppose -4*r + 26 + 46 = a. Suppose v = h - 2, -5*h + r = -4*v + 3*v. What is the units digit of v?
2
Let m(y) = -y**2 - 6*y - 6. Let j be m(-3). Suppose 13 = 5*t + j. Suppose 29 = c + 4*s, -37 = -3*c - t*s - 0. What is the units digit of c?
9
Let p = -72 - -156. Suppose -2*b + 6*b + 5*i - p = 0, 3*i = -12. What is the tens digit of b?
2
Let d = 15 + -14. Suppose -5*j = -s - 9 + d, -3*s + 5*j + 6 = 0. What is the units digit of s?
7
Let o be -5 + 7 - (-1 + 18). Let c(t) = -6*t**2 - t - 3. Let n be c(3). Let g = o - n. What is the units digit of g?
5
Let x(d) = -3*d**2 - 39*d + 12. Let j(h) = h**2 + 13*h - 4. Let b(a) = 17*j(a) + 6*x(a). What is the tens digit of b(-10)?
3
Let b(a) = -a**3 - 7*a**2. Let z be b(-7). Suppose 5*k = -4*q + 800, -2*k + 203 = q - z*k. Let h = q - 134. What is the tens digit of h?
6
Let a = 69 - 43. Suppose -5*s = -s. Suppose i - 4*o - 22 = -2*o, -3*i - 4*o + a = s. What is the tens digit of i?
1
Suppose 4*j = 8*j + 24. Let p(g) = -g + 6. Let w be p(j). What is the tens digit of 8/w*2*18?
2
Let u(h) = -h**3 + 8*h**2 - h + 5. Let c be (-6)/(-3) + (7 - 1). Let f be u(c). What is the tens digit of (f - -14) + 0/(-3)?
1
Let g be (-5)/(-3*1/(-12)). Let k = g - -41. What is the units digit of k?
1
Let p(w) = 7*w**2 - w + 37. Let v be p(6). Let g = v + -171. What is the tens digit of g?
1
Let j(v) be the third derivative of -v**5/60 - 5*v**4/12 + 2*v**3/3 + 35*v**2. Let u = -7 - 0. What is the tens digit of j(u)?
2
Suppose -26*m = -47*m + 29631. What is the tens digit of m?
1
Let k(h) = 2*h + 158. What is the hundreds digit of k(19)?
1
Let y = 17 - 11. Suppose -2*j = -4*v - 54, 5*j + 2 = y*j + 3*v. Let q = 29 + j. What is the tens digit of q?
4
Let v = -1 + 1. Let k be 205/(-20) + 10 - 290/(-8). Suppose v = -3*m + x + k - 2, m - 33 = -4*x. What is the units digit of m?
3
Let b be 0 + 2 + 12/(-2). Let h be (-150)/b*20/6. Suppose 0 = -4*i - 0*i - 5*p + h, -32 = -i - 2*p. What is the units digit of i?
0
Suppose 2*j - 12 = -2*j. What is the tens digit of 252/15 + -2*j/(-30)?
1
Let y be 194/(-10) - (-6)/(-10). Let a = y + 36. What is the units digit of a?
6
Let d = 665 + 253. What is the units digit of d?
8
What is the hundreds digit of 8054/50 + ((-462)/150 - -3)?
1
Suppose -4*h + 12 = -h. Suppose 2*z - 4 - 4 = 0. Suppose -h*v = 4*m - 0*v - 80, 0 = -2*m - z*v + 30. What is the tens digit of m?
2
Let f(o) = -8*o + 3. Let l be f(1). What is the tens digit of (-3732)/(-60) + 1/l?
6
Let g = -65 - -78. Suppose g*h = 132 + 193. What is the units digit of h?
5
Suppose 0 = 5*n - 4 - 1, 0 = g + 5*n - 16. Suppose 0*t = g*t - 605. What is the units digit of t?
5
Suppose 0 = -k + 10*k - 198. Suppose 4*y + k = -2*t + 278, -5*y = 25. What is the tens digit of t?
3
Let h = 19 - 9. What is the units digit of (195/h)/((-2)/(-4))?
9
Let a be 4 + -4 + 8/2. Let g(x) = -x**2 + 3*x - 3. Let f be g(a). What is the units digit of (-416)/(-14) - 2/f?
0
Let r(f) = -f**3 - 5*f - 9. Let y be r(-4). Suppose y*x - 492 = 71*x. What is the hundreds digit of x?
1
Let l = 6 - 8. Let r(f) = 2*f**2 + 4*f + 3. Let j be r(l). What is the units digit of j/9 + (-56)/(-3)?
9
Let t(q) = 2*q**2 + 68*q - 71. What is the units digit of t(-36)?
3
Let k(y) = y + 1. Let n be k(2). Suppose 0 = 5*j - 2 - 3, n*o = 2*j + 4. Suppose 86 - 16 = o*f. What is the tens digit of f?
3
Let r be